or of 20 and z.
20
Let g(l) = l**3 + 49*l**2 + 300*l + 28. Let b be g(-8). Calculate the highest common factor of b and 1218.
42
Let w = -224 + 234. Let u be (5/w)/((-8)/(-8736)). Calculate the highest common divisor of u and 42.
42
Let x = 14 - 5. Let q = -4 - -4. Suppose -3*p = -q*p - 81. Calculate the highest common divisor of x and p.
9
Let a = -199 + 352. Suppose -4*s + a = -3*k, 4*k = -12*s + 8*s + 160. Calculate the greatest common factor of s and 975.
39
Let y be 6/(-3 - (0 + -4)) - -3. Suppose y*q - 144 = q. Suppose 0 = -7*k + 749 + 259. Calculate the greatest common factor of k and q.
18
Let m(p) = -9*p - 160. Let k be m(-35). Suppose -3*h - 35 + k = 0. Calculate the greatest common divisor of h and 340.
20
Let h be 2/(-8) - 1/(28/(-7651)). Suppose h = -6*k + 2001. Let b be 16/(-4) - 80/(-2). Calculate the greatest common divisor of k and b.
36
Let b be 1 - -141 - (29 + -29). Suppose -5*d - 607 = -b. Let l = d + 97. What is the highest common divisor of l and 8?
4
Suppose 4*d - 40 + 24 = 0. Suppose 2*q + 4 + 0 = 0. Let x be (q/(-4))/(8/704). What is the highest common factor of d and x?
4
Suppose 12 = 5*m + z - 53, 0 = 4*m + 3*z - 63. What is the greatest common divisor of m and 4884?
12
Let a be (-1)/(126/210)*(-66)/1. Calculate the greatest common divisor of a and 946.
22
Let l(d) = 8*d**2 - 4*d - 2. Let t be l(2). Suppose t*j - 820 = 236. Calculate the highest common divisor of 4 and j.
4
Let i = -5555 - -6065. What is the greatest common divisor of 75 and i?
15
Let y = 83705 - 51081. What is the greatest common divisor of y and 16?
16
Let l(c) = -c**3 - 11*c**2 + 45*c - 14. Let h be l(-14). Let k be (-658)/h - 1/(-4). Calculate the highest common divisor of k and 16.
4
Let b(z) = 2*z**3 - 2*z**2 - 5*z + 17. Let d be b(5). Let n = 198 - d. Calculate the greatest common factor of 3 and n.
3
Let o(g) = -4 - 3 - 2*g + 0*g**2 - g**2 + 0. Let l be o(-10). Let v = l - -104. Calculate the greatest common divisor of v and 51.
17
Let g(n) = -3*n + 19. Let k be g(6). Let q be (k + -2 + -1)/((-4)/10). Let y be 147/q - (-12)/(-30). Calculate the greatest common divisor of y and 145.
29
Let q = 9304 + -9228. What is the highest common factor of q and 1539?
19
Let a be (0 + -35)*(-14)/35. Let p = a - -25. Let g = -21 + p. Calculate the highest common factor of 144 and g.
18
Let x = -100 + 104. Suppose y - x = -1. Suppose -6 + 1 = -5*i. Calculate the greatest common divisor of i and y.
1
Let c = -3293 + 3401. What is the highest common factor of 60 and c?
12
Let b(q) = -480*q + 579. Let j be b(1). Calculate the highest common factor of 528 and j.
33
Suppose 3*n - 106 + 13 = 0. Suppose 5*q - 119 = -3*f, 3*f + n = -3*q + 4*q. Let x be (-54)/4*(-800)/48. Calculate the greatest common divisor of q and x.
25
Suppose -l + 2*l = -9. Let w = l + -47. Let n be (1 + 0)*-1*w. What is the highest common divisor of n and 7?
7
Let q be -3 + 0 - (-55)/1. Let k = q + -47. Suppose -k*n = -2*n - 189. Calculate the greatest common factor of 21 and n.
21
Suppose -a - 2*q + 112 = 0, -4*a + 1728*q - 1731*q = -458. Calculate the greatest common divisor of 10701 and a.
29
Suppose -5*b + 50*b - 14754 = 33891. Calculate the greatest common divisor of 141 and b.
47
Let o(g) = 7*g**2 - 26*g - 161. Let i be o(-16). Calculate the greatest common divisor of 161 and i.
23
Let u be (16/5*-1)/(6/(-15)). Let r be (-214)/(-14) - 1*u/28. Let i be 84/r*(-10)/(-4) + 2. What is the greatest common divisor of 144 and i?
16
Suppose u = 43 - 39. Suppose -4*n + 0*d + 212 = -u*d, n + 2*d = 38. What is the greatest common divisor of n and 2?
2
Let k = 1718 - 1472. What is the greatest common divisor of 369 and k?
123
Let a = 8489 + -4310. What is the highest common factor of 42 and a?
21
Let y = 9103 - 6348. Calculate the greatest common divisor of 285 and y.
95
Suppose 2*a - 5*p + 51 = 0, 2*a - 2*p + 159 = -3*a. Let z = a - -82. Suppose -z = -11*u + 28. Calculate the highest common divisor of 14 and u.
7
Suppose -520 = -44*u + 1659 - 859. Let f(a) = 83*a - 2. Let k be f(4). Calculate the greatest common divisor of k and u.
30
Suppose -6*z + j - 60 = -9*z, 2*j = 6. Suppose z*q = 148 + 194. Calculate the highest common factor of 99 and q.
9
Let v(o) = 7*o**2 - 2*o + 58. Suppose 6*w - 16 = -3*g + 10*w, g = -2*w + 12. Let a be v(g). Calculate the greatest common factor of a and 40.
10
Let w be (-2830*(-2)/24 - 2) + (-25)/(-150). What is the greatest common divisor of 65 and w?
13
Let s be (692/(-20) - (-18)/30)/(-2). What is the highest common divisor of s and 2839?
17
Let y be ((-2)/(-3))/(20/(-1020)). Let l = y - -107. Let a = -56 + l. What is the greatest common factor of a and 34?
17
Let n(m) = 27*m - 93. Suppose -9 - 6 = -3*u. Let q be n(u). What is the greatest common factor of q and 42?
42
Let p(y) = 2*y**3 + 2*y**2 - 4*y + 4. Let j be (-1 - -1)/(-9*1/(-3)). Let v be p(j). Calculate the greatest common divisor of v and 5.
1
Let v be (-54 + 2)*2/(-4). Let j be 2/(-4) - 21060/(-72) - 6. Calculate the greatest common factor of v and j.
26
Suppose 4*s = -3*k - 0*s + 136, -5*k = 2*s - 208. Let u(q) = 32*q**3 - 238*q**2 + 66*q - 720. Let a be u(8). Calculate the highest common factor of a and k.
40
Let z = 840 - 762. Calculate the greatest common divisor of z and 3926.
26
Suppose -181*i = -36014 - 138053 - 17793. What is the highest common factor of 5565 and i?
265
Suppose 36 = 25*g - 23*g. Suppose 0 = -5*y + 3*l + 119, -2*l + g = y + 2. What is the highest common divisor of 44 and y?
22
Suppose 3*m - 268 - 380 = 0. Suppose -m = -2*w - 2*w. Suppose 3*h = 76 - 22. Calculate the greatest common factor of w and h.
18
Let x(k) = -85*k + 54. Let h(i) = -127*i + 82. Let l(g) = -5*h(g) + 7*x(g). Let n be l(11). Let d = n - 243. What is the highest common divisor of 33 and d?
33
Let y be (-2)/(-4)*84/(-6) - 0. Let x be 3 - (y/((-28)/(-16)) - -4). Let k be (-15)/(-5)*63/x. Calculate the greatest common factor of k and 14.
7
Suppose -b = 6*r - 2*r - 36, b - 39 = -5*r. Let c be 50/30*(0 - (1 + -109)). What is the greatest common divisor of b and c?
12
Let f be (8 - -4) + (32/(-2))/4. Let g be 101/404 - -195*2/f. What is the highest common factor of 147 and g?
49
Let d be 2408/16*60/15. What is the highest common divisor of 42 and d?
14
Let c(y) = y**2 + 7*y + 9. Let q be c(-6). Suppose 15 + 0 = o + 3*t, 0 = -o + q*t + 27. Suppose -7 = -k + o. What is the highest common factor of k and 70?
14
Suppose -4*t + 3*z + z = 36, 0 = 3*t - 4*z + 23. Let g be (-4)/5*5 - 1*-18. Let y = t + g. What is the greatest common divisor of y and 8?
1
Let h = 16474 + -15657. What is the highest common divisor of 43 and h?
43
Suppose 0 = -2*f - a + 898, 4*f - a - 1799 = -9. Suppose -31 = -39*d + 515. What is the highest common divisor of d and f?
14
Let m be 1/(-4) - 250/(-40). Let s be 0 + 2 + -6 + m. Suppose -3*u + 123 = 3*g, s*g + 12 = u - 20. What is the greatest common factor of u and 57?
19
Let i(r) = r**2 + 85*r + 2538. Let m be i(-63). Calculate the highest common divisor of m and 1296.
144
Suppose -64*y - 10 = -62*y. Let n(z) = z**2 + 3*z + 6. Let u be n(y). Let a be (7 - 1)/(9/120). What is the highest common factor of u and a?
16
Suppose 5*c = 4*t + 74, 4*t = -2*c + 187 - 135. What is the greatest common divisor of 531 and c?
9
Let s be 5*2 - 74/37. Let b(u) = 2*u**3 + u**2 - 3*u + 2. Let v be b(2). Suppose v*z - 20*z = -s. Calculate the highest common divisor of 1 and z.
1
Let a(q) = 156*q + 3998. Let r be a(-25). Calculate the greatest common divisor of r and 3332.
98
Suppose -41589 = 50*p + 8111. Let i = p - -1006. Let r = 54 - 30. What is the highest common divisor of i and r?
12
Let r be ((-14)/(-2) + -8)/1*-2. Calculate the greatest common divisor of r and 10.
2
Let j be ((-37)/(-4) + 8/4)*4. Let p be 66/(-4)*(-150)/j. Suppose -3*t = -p - 53. What is the greatest common divisor of 9 and t?
9
Let a be (12/2 - (-4)/(76/(-247))) + 295. What is the greatest common divisor of a and 352?
32
Suppose 3508*b + 5184 = 3532*b. What is the highest common divisor of 2664 and b?
72
Let r be 2 + -1*(0 + 2). Let d(o) = o + 21. Let s be d(r). Let i be -2 + -9 + 5 + 153. Calculate the greatest common divisor of i and s.
21
Suppose -9*f = -14954 + 4937. Calculate the highest common factor of f and 954.
159
Let s be 15/6*2*